 -y**3 - 9*y**2 - 15*y + 9. Let v be b(-7). Suppose -5*x + 6 = -d - 7, 4*x + 2*d = v. Let t = 14 - 9. What is the remainder when t is divided by x?
2
Suppose -3*x = -3*o - 3, 5*o - 15 = 2*o. Suppose 0 = x*w - w. Suppose -5*a + 20 = w, -a + 0*a = -5*r + 86. Calculate the remainder when 51 is divided by r.
15
Suppose 7*r + 7 - 14 = 0. What is the remainder when 109 is divided by (242/(-55))/(r*(-2)/10)?
21
Suppose 574 = -2*d + 16*d. Suppose 2*x - 3*f = 22, f + 0 + 44 = 4*x. What is the remainder when d is divided by x?
8
Suppose 254 + 47 = 7*h. Let w(y) = -12*y. Calculate the remainder when h is divided by w(-1).
7
Let p(o) = -o**2 - o. Let l = -12 - -13. Let s(b) = -7*b**2 - 4*b + 25. Let u(n) = l*s(n) - 6*p(n). What is the remainder when u(0) is divided by 7?
4
Suppose 0 = 2*j + 5*p - 32, -j + 3*p - 2*p = -2. Suppose 5*g + 0 = 110. Calculate the remainder when g is divided by j.
4
Suppose 13*m = 15*m + 90. Let v = -33 - m. What is the remainder when 20 is divided by v?
8
Let t = 271 + -151. Suppose -4*m = -12, -5*z + 165 + t = 5*m. Let o = 4 - -15. What is the remainder when z is divided by o?
16
Suppose 2*y + 138 = 486. What is the remainder when y is divided by 90?
84
Suppose -3*w - 3*q = -597, 404 = 2*w - 4*q - 0*q. Calculate the remainder when w is divided by 29.
26
Let p = 58 + -38. What is the remainder when 974 is divided by p?
14
Let o(v) be the second derivative of -2*v**3/3 - v**2 - 3*v. Suppose -3*p + 26 = 2*z, 2*p - z + 0*z = 8. Calculate the remainder when p is divided by o(-1).
0
Suppose 4*h - 3*n = -103, 9*h = 4*h - 4*n - 90. Calculate the remainder when 254/6 + h/66 is divided by 13.
3
Suppose -y = -0*y + 3, -4*o - 3*y + 439 = 0. Suppose -2*f + 3*j = -56, 4*f + j - 3*j - o = 0. Calculate the remainder when 111 is divided by f.
27
Let l = 384 + -366. Calculate the remainder when 137 is divided by l.
11
Suppose -92*c + 84*c = -144. Suppose -3*t - 130 = -8*t. Suppose -27 - t = -w. Calculate the remainder when w is divided by c.
17
Suppose 3*d - 17 = -t, 2*d + 4*t - 19 = 9. Calculate the remainder when 45 is divided by d.
1
Suppose -213 = a - 266. Calculate the remainder when 793 is divided by a.
51
Suppose -36 = 19*v - 20*v. What is the remainder when ((v/20)/(-3))/((-2)/110) is divided by 11 - (0 + 1 - 2)?
9
Let t = 10 - 1. Suppose 195 = -2*d - 41. Let a = -83 - d. Calculate the remainder when a is divided by t.
8
Let l(m) = 5*m**2 - 12*m + 27. What is the remainder when l(6) is divided by 23?
20
Suppose 99 = -d + 117. Calculate the remainder when 80 is divided by d.
8
Let z(h) = h**2 - h + 48. Calculate the remainder when 543 is divided by z(5).
67
Calculate the remainder when 100 is divided by -3 + 13 + (-3 - -10).
15
Calculate the remainder when (8 - (4 - 35/10))*12 is divided by 29.
3
Suppose i + 3*i + 8 = 0. Let l(n) = n**3 + 7*n**2 + 4*n + 12. Calculate the remainder when 46 - (i - (1 + -2)) is divided by l(-6).
23
Let q(k) be the second derivative of k**4/6 + 5*k**3/6 - k. Calculate the remainder when q(-5) is divided by (-1)/4 - (-1 - ((-370)/(-40) + -1)).
7
Suppose -3*p = -86 - 178. Suppose -8*w + 4*w = -p. Calculate the remainder when 130 is divided by w.
20
Suppose -2*t + 10 = 2*h, 0*t - 4*t + 11 = -5*h. Suppose 8*b = 13*b - 10. Suppose 6*c = b*c + 40. What is the remainder when c is divided by t?
2
Suppose 2*h - 37 = 3*q, 3*q = 3*h + 7*q - 13. Suppose 15 + h = 2*k. Suppose 0 = -t + 3, 0*z = 2*z - 2*t - 64. What is the remainder when z is divided by k?
9
Suppose 0 = u - 2*i - 3, -3*i + 8*i = 0. Let q(r) = -r + 7. Suppose 15 = 5*v - 5*c, v - 5*c + 1 = -8. What is the remainder when v is divided by q(u)?
2
Suppose m + 3*n = 5*m - 21, -15 = -3*n. Suppose -3*r + 52 = -4*b, -5*b - 12 - 8 = 0. What is the remainder when r is divided by m?
3
Suppose -10*d = -5*d - 75. Let l be 1360/d + 4/(-6). Suppose 4*f - 3*m = 152, -2*f - 2*m = -0*f - l. What is the remainder when f is divided by 11?
8
Let j = -12 + 14. Suppose 2*u = -2*i - j, 4*u = -i + 2 - 3. Suppose o - 16 - 26 = u. What is the remainder when o is divided by 22?
20
Let x = 41 + -38. Suppose z - 42 = 5*q, -5*z + 130 = -0*z - 5*q. What is the remainder when ((-260)/12)/((-1)/x) is divided by z?
21
Calculate the remainder when 123 is divided by (-2530)/(-45) - (-8)/(-36).
11
Let d(x) = x**2 - x - 22. Let s be d(0). Let l be 640/11 - (-4)/s. Suppose l = 2*q - 0*q. What is the remainder when q is divided by 10?
9
Let y = 94 + -34. Let f = -54 + y. Let i(u) = -u**2 - 8*u + 2. What is the remainder when i(-5) is divided by f?
5
Let p(m) = m**3 - 6*m**2 - 15*m + 16. Let u = -6 - -11. What is the remainder when p(8) is divided by u?
4
Suppose -15 + 18 = -7*a + 45. Let g = -58 + 92. What is the remainder when g is divided by a?
4
Let d(z) = -32*z - 147. What is the remainder when d(-7) is divided by 20?
17
Let i = -38 + 58. Let a(s) = s - 16. Let x be a(19). Suppose 3*j = p - 5, j - x*j = 4*p - 48. What is the remainder when i is divided by p?
9
Let l(d) = d - 3. Let u be l(0). Calculate the remainder when u/(-24)*14*8 is divided by 5.
4
Let j = -155 - -109. Let o = 120 + j. What is the remainder when o is divided by 15?
14
Let w(n) = n**3 - 20*n**2 + n + 13. What is the remainder when w(20) is divided by 26?
7
Suppose -798 = -0*q - 7*q. Suppose -286 = -4*c - q. Calculate the remainder when 84 is divided by c.
41
Let a = -5 + 0. Let o(v) = -v**2 + 16*v + 4. Let g(w) = -w**2 + 15*w + 5. Let q(y) = a*o(y) + 6*g(y). What is the remainder when q(5) is divided by 12?
11
Let j = 122 + -106. Let c = 47 + -14. What is the remainder when c is divided by (j + -17)*(1 + -20)?
14
Let v(m) = 11*m**2 - 10. Calculate the remainder when v(-3) is divided by 23.
20
Suppose 3*g = -5*r - 125, 2*r + 75 = -r - 4*g. What is the remainder when 82 is divided by -2 - r - 1 - 1?
19
Let r(c) = -10*c - 9. Suppose -8*m - 16 = -3*d - 3*m, 5*d + 25 = -2*m. What is the remainder when 144 is divided by r(d)?
18
Suppose -20593 = 61*u - 77079. Calculate the remainder when u is divided by 16.
14
Let a(t) = -t - 1. Let r be (-9)/3 - 1*-1. Let p(s) = -3*s + 13. Let d(b) = r*a(b) + p(b). Calculate the remainder when 10 is divided by d(12).
1
Suppose 134 = 5*l - 171. Let z(s) = s**2 - 27. Let h be z(5). Let d(b) = -2*b + 12. Calculate the remainder when l is divided by d(h).
13
Let i(a) = a**3 + 5*a**2 - 7*a - 6. Let u be i(-6). Suppose u = -3*w + 5*w - 4. What is the remainder when 81/8 - w/16 is divided by 6?
4
Let r = -19 + 32. Let j(m) = 6*m + 1. What is the remainder when j(6) is divided by r?
11
Suppose -2*q - 69 = 21. What is the remainder when 45 is divided by (4*q/(-80))/((-3)/(-32))?
21
Suppose -25 = -5*h, -17*h - 180 = -z - 16*h. Calculate the remainder when z is divided by 64.
57
Calculate the remainder when (-49*(-1)/5)/(3/15) is divided by 26.
23
Let q be -38*(51/(-6) - -4). Let m = q + -120. Calculate the remainder when m is divided by 13.
12
Suppose -3*n + b = 4*b, 0 = 3*b - 15. Let c = n + 29. Suppose 4*k + 485 = 5*v, 73 = v - k - 25. What is the remainder when v is divided by c?
21
Let x be -8 - (5 + -3 - 1). Let g be (-3)/(x/84) + -2. Let y = g - 21. Calculate the remainder when y is divided by 4.
1
Let p(y) = 1467*y**3 + 19*y**2 - 20*y. Calculate the remainder when p(1) is divided by 13.
10
Let g be -21 + 1 - (-2 + -1). What is the remainder when 40/10 - (-1 + g) is divided by 9?
4
Suppose -g = 2, 0 = -5*i - g - 0*g + 143. Let p(o) = -3*o**2 + o - 1. Let u be p(2). What is the remainder when i is divided by (4/(-3))/(u/66)?
5
Let k = -639 + 654. Suppose 8*z = 4*z + 3*d + 163, 2*z - 83 = d. Calculate the remainder when z is divided by k.
13
Suppose -5*i = -2*h - 3 - 6, 4*i - 2*h - 6 = 0. What is the remainder when 15 is divided by -3 - -1*i/3 - -10?
7
Let b = 722 + -376. What is the remainder when b is divided by 35?
31
Let r = -79 + 132. Let q = 1161 + -1147. What is the remainder when r is divided by q?
11
Suppose 6*w + 10 = 7*w. Suppose 5*r + 40 = w*r. What is the remainder when 15 is divided by r?
7
Suppose 4*h = -5*a + 39, 4*h - 6*h = -4*a. Suppose 3*w - 6*w = -6. What is the remainder when w/(-5) + 246/15 is divided by h?
4
Let b(l) = -l - 6. Let q be b(-6). Suppose g = 4*u + 5*g - 472, 3*u - 5*g - 386 = q. Suppose 23 = -3*v + u. What is the remainder when v is divided by 12?
9
Calculate th